{"id":5217,"date":"2026-04-23T09:19:04","date_gmt":"2026-04-23T13:19:04","guid":{"rendered":"https:\/\/beaverbrookartgallery.org\/?post_type=program-event&#038;p=5217"},"modified":"2026-04-23T09:36:43","modified_gmt":"2026-04-23T13:36:43","slug":"leaders-in-the-field-the-history-and-legacy-of-art-at-mount-allison-book-launch","status":"publish","type":"program-event","link":"https:\/\/beaverbrookartgallery.org\/fr\/program-event\/leaders-in-the-field-the-history-and-legacy-of-art-at-mount-allison-book-launch\/","title":{"rendered":"Lancement du livre Un appel artistique : le rayonnement des beaux-arts \u00e0 Mount Allison\u00a0"},"content":{"rendered":"<p><span style=\"box-sizing: border-box; margin: 0px; padding: 0px;\">Jeudi 14 mai, de 18 h \u00e0 19 h, rejoignez-nous pour le lancement de\u00a0<em>Un appel artistique : le rayonnement des beaux-arts \u00e0 Mount Allison\u00a0<\/em>sous la direction de Thaddeus Holownia et John Leroux, avec la contribution de Ray Cronin, Mireille Eagan, Thaddeus Holownia, John Leroux et Jane Tisdale.<\/span>\u00a0<\/p>\n\n\n\n<p>Ray Cronin, John Leroux et Thaddeus Holownia prendront la parole.&nbsp;<\/p>\n\n\n\n<p><em>Un appel artistique : le rayonnement des beaux-arts \u00e0 Mount Allison&nbsp;<\/em>met en lumi\u00e8re le dynamisme et les contributions majeures du d\u00e9partement des Beaux-Arts de l'universit\u00e9 Mount Allison \u00e0 la culture canadienne. Depuis 1854, les enseignants et les dipl\u00f4m\u00e9s de cette institution situ\u00e9e \u00e0 Sackville, au Nouveau-Brunswick, ont contribu\u00e9 \u00e0 faire de celle-ci l'une des plus importantes institutions artistiques du pays. Ce d\u00e9partement de longue tradition est depuis des g\u00e9n\u00e9rations un v\u00e9ritable p\u00f4le de cr\u00e9ativit\u00e9, et bon nombre des artistes les plus appr\u00e9ci\u00e9s et les plus respect\u00e9s du Canada y ont enseign\u00e9 ou obtenu leur dipl\u00f4me.&nbsp;<\/p>\n\n\n\n<p><\/p>","protected":false},"featured_media":5220,"template":"","pe-category":[],"class_list":["post-5217","program-event","type-program-event","status-publish","has-post-thumbnail","hentry"],"_links":{"self":[{"href":"https:\/\/beaverbrookartgallery.org\/fr\/wp-json\/wp\/v2\/program-event\/5217","targetHints":{"allow":["GET"]}}],"collection":[{"href":"https:\/\/beaverbrookartgallery.org\/fr\/wp-json\/wp\/v2\/program-event"}],"about":[{"href":"https:\/\/beaverbrookartgallery.org\/fr\/wp-json\/wp\/v2\/types\/program-event"}],"version-history":[{"count":2,"href":"https:\/\/beaverbrookartgallery.org\/fr\/wp-json\/wp\/v2\/program-event\/5217\/revisions"}],"predecessor-version":[{"id":5222,"href":"https:\/\/beaverbrookartgallery.org\/fr\/wp-json\/wp\/v2\/program-event\/5217\/revisions\/5222"}],"wp:featuredmedia":[{"embeddable":true,"href":"https:\/\/beaverbrookartgallery.org\/fr\/wp-json\/wp\/v2\/media\/5220"}],"wp:attachment":[{"href":"https:\/\/beaverbrookartgallery.org\/fr\/wp-json\/wp\/v2\/media?parent=5217"}],"wp:term":[{"taxonomy":"pe-category","embeddable":true,"href":"https:\/\/beaverbrookartgallery.org\/fr\/wp-json\/wp\/v2\/pe-category?post=5217"}],"curies":[{"name":"wp","href":"https:\/\/api.w.org\/{rel}","templated":true}]}}

Lancement du livre Un appel artistique : le rayonnement des beaux-arts à Mount Allison

<p><span style="box-sizing: border-box; margin: 0px; padding: 0px;">Jeudi 14 mai, de 18 h à 19 h, rejoignez-nous pour le lancement de <em>Un appel artistique : le rayonnement des beaux-arts à Mount Allison </em>sous la direction de Thaddeus Holownia et John Leroux, avec la contribution de Ray Cronin, Mireille Eagan, Thaddeus Holownia, John Leroux et Jane Tisdale.</span> </p>



<p>Ray Cronin, John Leroux et Thaddeus Holownia prendront la parole.&nbsp;</p>



<p><em>Un appel artistique : le rayonnement des beaux-arts à Mount Allison&nbsp;</em>met en lumière le dynamisme et les contributions majeures du département des Beaux-Arts de l'université Mount Allison à la culture canadienne. Depuis 1854, les enseignants et les diplômés de cette institution située à Sackville, au Nouveau-Brunswick, ont contribué à faire de celle-ci l'une des plus importantes institutions artistiques du pays. Ce département de longue tradition est depuis des générations un véritable pôle de créativité, et bon nombre des artistes les plus appréciés et les plus respectés du Canada y ont enseigné ou obtenu leur diplôme.&nbsp;</p>



<p></p>
