{"id":4355,"date":"2025-04-25T14:48:36","date_gmt":"2025-04-25T18:48:36","guid":{"rendered":"https:\/\/beaverbrookartgallery.org\/?post_type=program-event&#038;p=4355"},"modified":"2025-05-28T09:49:08","modified_gmt":"2025-05-28T13:49:08","slug":"may-family-day-lord-beaverbrook-day","status":"publish","type":"program-event","link":"https:\/\/beaverbrookartgallery.org\/fr\/program-event\/may-family-day-lord-beaverbrook-day\/","title":{"rendered":"Journ\u00e9e de la famille en mai - Journ\u00e9e Lord Beaverbrook !"},"content":{"rendered":"<p>Rejoignez-nous au Beaverbrook le dimanche 25 mai, de 12 \u00e0 15 heures, pour une c\u00e9l\u00e9bration anim\u00e9e de l'anniversaire de Lord Beaverbrook. Amenez votre famille et vos amis pour un apr\u00e8s-midi de cr\u00e9ation artistique, d'amusement printanier et de cr\u00e9ativit\u00e9 durable !<\/p>\n\n\n\n<p>L'entr\u00e9e est gratuite et les dons sont tr\u00e8s appr\u00e9ci\u00e9s. Votre soutien permet de rendre possibles les futures Journ\u00e9es de la famille. Nous vous remercions de votre soutien !<\/p>\n\n\n\n<p class=\"has-text-align-center\"><em>La journ\u00e9e familiale de mai au Beaverbrook est pr\u00e9sent\u00e9e en partenariat avec Go Go Gymnastics et East Coast Leadership Academy.<\/em><\/p>\n\n\n\n<p>Les activit\u00e9s comprennent<\/p>\n\n\n\n<p><strong><em>Spirale vers le centre - Une lecture interactive avec Duncan Ireland<\/em><\/strong><br>Rejoignez le conteur Duncan Ireland pour un conte en rimes de 10 minutes rempli de v\u00e9rit\u00e9s simples, interpr\u00e9t\u00e9 dans un style engageant. (Galerie inf\u00e9rieure 1 ou 3)<\/p>\n\n\n\n<p><strong><em>D\u00e9monstration de conte et d'art textile avec Annabelle Babineau<\/em><\/strong><br>Profitez de lectures color\u00e9es et imaginatives et assistez \u00e0 des d\u00e9monstrations en direct de techniques d'art textile telles que le tricot, le crochet et la broderie. Essayez ! (Galerie Jean E. Irving)<\/p>\n\n\n\n<p><strong><em>Collage avec Kira Tecu<\/em><\/strong><br>Laissez-vous inspirer par les paysages de <em>Fleuve des r\u00eaves\u202f<\/em> et cr\u00e9ez vos propres sc\u00e8nes magiques \u00e0 l'aide de magazines. (Galerie RBC)<\/p>\n\n\n\n<p><strong><em>Art floral avec Peggy Holt<\/em><\/strong><br>Cr\u00e9ez une \u0153uvre d'art de fleurs printani\u00e8res vibrantes en utilisant de la p\u00e2te \u00e0 modeler et des mat\u00e9riaux recycl\u00e9s. (Centre d'\u00e9ducation)<\/p>\n\n\n\n<p><strong><em>Pastels doux avec Christina Thomson<\/em><\/strong><br>Utilisez des pastels doux pour cr\u00e9er un paysage inspir\u00e9 par les rivi\u00e8res et les montagnes de l'Europe. <em>Fleuve des r\u00eaves\u202f<\/em>. (Emplacement de la galerie \u00e0 confirmer)<\/p>\n\n\n\n<p><strong><em>C\u00e9l\u00e9brez le multiculturalisme avec l'Association multiculturelle de Fredericton<\/em><\/strong><br>Dans <em>Le village communautaire mondial<\/em>Pour la premi\u00e8re fois, d\u00e9corez une maison en carton avec des \u0153uvres d'art qui refl\u00e8tent votre h\u00e9ritage et vos valeurs. Toutes les maisons formeront une fresque collective symbolisant l'unit\u00e9 entre les cultures. Le th\u00e8me de cette ann\u00e9e met l'accent sur l'Afghanistan. Les visiteurs sont encourag\u00e9s \u00e0 inclure des \u00e9l\u00e9ments d'inspiration afghane. (Centre d'\u00e9ducation)<\/p>\n\n\n\n<p><strong><em>Repr\u00e9sentation de la chorale par le CCNAC \u00e0 14h00<\/em><\/strong><br>L'Association nationale culturelle et cr\u00e9ative du Canada pr\u00e9sente un spectacle sp\u00e9cial compos\u00e9 d'\u0153uvres chorales, de duos et d'instruments traditionnels chinois tels que le piano \u00e9lectronique, la fl\u00fbte et le violoncelle (Galerie de l'Atlantique).<\/p>\n\n\n\n<p><strong><em>Coloriage avec Colin Cyr<\/em><\/strong><br>Aidez \u00e0 donner vie \u00e0 une grande affiche de Sheila McPhee en y apportant votre touche color\u00e9e. (HMP)<\/p>\n\n\n\n<p><strong><em>Station de loisirs en plein air avec Go-Go Gymnastics<\/em><\/strong><br>Art \u00e0 la craie et jeux actifs dans la cour !<\/p>\n\n\n\n<p><strong><em>Visites guid\u00e9es<\/em><\/strong><br>Visite en anglais \u00e0 13 heures, visite en fran\u00e7ais \u00e0 14 heures.<\/p>","protected":false},"featured_media":3943,"template":"","pe-category":[],"class_list":["post-4355","program-event","type-program-event","status-publish","has-post-thumbnail","hentry"],"_links":{"self":[{"href":"https:\/\/beaverbrookartgallery.org\/fr\/wp-json\/wp\/v2\/program-event\/4355","targetHints":{"allow":["GET"]}}],"collection":[{"href":"https:\/\/beaverbrookartgallery.org\/fr\/wp-json\/wp\/v2\/program-event"}],"about":[{"href":"https:\/\/beaverbrookartgallery.org\/fr\/wp-json\/wp\/v2\/types\/program-event"}],"version-history":[{"count":4,"href":"https:\/\/beaverbrookartgallery.org\/fr\/wp-json\/wp\/v2\/program-event\/4355\/revisions"}],"predecessor-version":[{"id":4439,"href":"https:\/\/beaverbrookartgallery.org\/fr\/wp-json\/wp\/v2\/program-event\/4355\/revisions\/4439"}],"wp:featuredmedia":[{"embeddable":true,"href":"https:\/\/beaverbrookartgallery.org\/fr\/wp-json\/wp\/v2\/media\/3943"}],"wp:attachment":[{"href":"https:\/\/beaverbrookartgallery.org\/fr\/wp-json\/wp\/v2\/media?parent=4355"}],"wp:term":[{"taxonomy":"pe-category","embeddable":true,"href":"https:\/\/beaverbrookartgallery.org\/fr\/wp-json\/wp\/v2\/pe-category?post=4355"}],"curies":[{"name":"wp","href":"https:\/\/api.w.org\/{rel}","templated":true}]}}

Journée de la famille en mai - Journée Lord Beaverbrook !

<p>Rejoignez-nous au Beaverbrook le dimanche 25 mai, de 12 à 15 heures, pour une célébration animée de l'anniversaire de Lord Beaverbrook. Amenez votre famille et vos amis pour un après-midi de création artistique, d'amusement printanier et de créativité durable !</p>



<p>L'entrée est gratuite et les dons sont très appréciés. Votre soutien permet de rendre possibles les futures Journées de la famille. Nous vous remercions de votre soutien !</p>



<p class="has-text-align-center"><em>La journée familiale de mai au Beaverbrook est présentée en partenariat avec Go Go Gymnastics et East Coast Leadership Academy.</em></p>



<p>Les activités comprennent</p>



<p><strong><em>Spirale vers le centre - Une lecture interactive avec Duncan Ireland</em></strong><br>Rejoignez le conteur Duncan Ireland pour un conte en rimes de 10 minutes rempli de vérités simples, interprété dans un style engageant. (Galerie inférieure 1 ou 3)</p>



<p><strong><em>Démonstration de conte et d'art textile avec Annabelle Babineau</em></strong><br>Profitez de lectures colorées et imaginatives et assistez à des démonstrations en direct de techniques d'art textile telles que le tricot, le crochet et la broderie. Essayez ! (Galerie Jean E. Irving)</p>



<p><strong><em>Collage avec Kira Tecu</em></strong><br>Laissez-vous inspirer par les paysages de <em>Fleuve des rêves </em> et créez vos propres scènes magiques à l'aide de magazines. (Galerie RBC)</p>



<p><strong><em>Art floral avec Peggy Holt</em></strong><br>Créez une œuvre d'art de fleurs printanières vibrantes en utilisant de la pâte à modeler et des matériaux recyclés. (Centre d'éducation)</p>



<p><strong><em>Pastels doux avec Christina Thomson</em></strong><br>Utilisez des pastels doux pour créer un paysage inspiré par les rivières et les montagnes de l'Europe. <em>Fleuve des rêves </em>. (Emplacement de la galerie à confirmer)</p>



<p><strong><em>Célébrez le multiculturalisme avec l'Association multiculturelle de Fredericton</em></strong><br>Dans <em>Le village communautaire mondial</em>Pour la première fois, décorez une maison en carton avec des œuvres d'art qui reflètent votre héritage et vos valeurs. Toutes les maisons formeront une fresque collective symbolisant l'unité entre les cultures. Le thème de cette année met l'accent sur l'Afghanistan. Les visiteurs sont encouragés à inclure des éléments d'inspiration afghane. (Centre d'éducation)</p>



<p><strong><em>Représentation de la chorale par le CCNAC à 14h00</em></strong><br>L'Association nationale culturelle et créative du Canada présente un spectacle spécial composé d'œuvres chorales, de duos et d'instruments traditionnels chinois tels que le piano électronique, la flûte et le violoncelle (Galerie de l'Atlantique).</p>



<p><strong><em>Coloriage avec Colin Cyr</em></strong><br>Aidez à donner vie à une grande affiche de Sheila McPhee en y apportant votre touche colorée. (HMP)</p>



<p><strong><em>Station de loisirs en plein air avec Go-Go Gymnastics</em></strong><br>Art à la craie et jeux actifs dans la cour !</p>



<p><strong><em>Visites guidées</em></strong><br>Visite en anglais à 13 heures, visite en français à 14 heures.</p>
