{"id":2736,"date":"2024-03-25T13:04:28","date_gmt":"2024-03-25T17:04:28","guid":{"rendered":"https:\/\/beaverbrookartgallery.org\/?post_type=program-event&#038;p=2736"},"modified":"2024-03-25T13:04:28","modified_gmt":"2024-03-25T17:04:28","slug":"vision-speaker-series","status":"publish","type":"program-event","link":"https:\/\/beaverbrookartgallery.org\/fr\/program-event\/vision-speaker-series\/","title":{"rendered":"Vision : S\u00e9rie de conf\u00e9rences"},"content":{"rendered":"<p>Nous nous sommes associ\u00e9s \u00e0 l'Institut McKenna pour proposer la s\u00e9rie de conf\u00e9rences Vision : Speaker Series.<\/p>\n\n\n\n<p>Join us Wednesday, March 27, and hear from Cait Milberry, CEO and Founder of Milberry Marketing &amp; Strategy! <\/p>\n\n\n\n<p><a><\/a>Vision r\u00e9unira des innovateurs locaux, des start-ups, des professionnels de l'informatique et de la technologie, des universitaires et des esprits cr\u00e9atifs pour cultiver une communaut\u00e9 d'affaires, technologique et culturelle plus forte au Mus\u00e9e des beaux-arts de Beaverbrook.<\/p>\n\n\n\n<p>Chaque orateur, par ses r\u00e9cits inspirants, mettra en lumi\u00e8re la promotion des talents et de la cr\u00e9ativit\u00e9 locale.<\/p>\n\n\n\n<p>Vous \u00eates invit\u00e9s \u00e0 participer \u00e0 ces expos\u00e9s de 25 minutes, suivis de questions-r\u00e9ponses et d'une mise en r\u00e9seau. Des rafra\u00eechissements l\u00e9gers et une boisson gratuite seront offerts \u00e0 chaque invit\u00e9.<\/p>\n\n\n\n<p>RSVP en envoyant un courriel \u00e0 Caitlin Dutt \u00e0 CDutt@beaverbrookartgallery.org.<\/p>","protected":false},"featured_media":2739,"template":"","pe-category":[],"class_list":["post-2736","program-event","type-program-event","status-publish","has-post-thumbnail","hentry"],"_links":{"self":[{"href":"https:\/\/beaverbrookartgallery.org\/fr\/wp-json\/wp\/v2\/program-event\/2736","targetHints":{"allow":["GET"]}}],"collection":[{"href":"https:\/\/beaverbrookartgallery.org\/fr\/wp-json\/wp\/v2\/program-event"}],"about":[{"href":"https:\/\/beaverbrookartgallery.org\/fr\/wp-json\/wp\/v2\/types\/program-event"}],"version-history":[{"count":1,"href":"https:\/\/beaverbrookartgallery.org\/fr\/wp-json\/wp\/v2\/program-event\/2736\/revisions"}],"predecessor-version":[{"id":2740,"href":"https:\/\/beaverbrookartgallery.org\/fr\/wp-json\/wp\/v2\/program-event\/2736\/revisions\/2740"}],"wp:featuredmedia":[{"embeddable":true,"href":"https:\/\/beaverbrookartgallery.org\/fr\/wp-json\/wp\/v2\/media\/2739"}],"wp:attachment":[{"href":"https:\/\/beaverbrookartgallery.org\/fr\/wp-json\/wp\/v2\/media?parent=2736"}],"wp:term":[{"taxonomy":"pe-category","embeddable":true,"href":"https:\/\/beaverbrookartgallery.org\/fr\/wp-json\/wp\/v2\/pe-category?post=2736"}],"curies":[{"name":"wp","href":"https:\/\/api.w.org\/{rel}","templated":true}]}}

Vision : Série de conférences

<p>Nous nous sommes associés à l'Institut McKenna pour proposer la série de conférences Vision : Speaker Series.</p>



<p>Join us Wednesday, March 27, and hear from Cait Milberry, CEO and Founder of Milberry Marketing &amp; Strategy! </p>



<p><a></a>Vision réunira des innovateurs locaux, des start-ups, des professionnels de l'informatique et de la technologie, des universitaires et des esprits créatifs pour cultiver une communauté d'affaires, technologique et culturelle plus forte au Musée des beaux-arts de Beaverbrook.</p>



<p>Chaque orateur, par ses récits inspirants, mettra en lumière la promotion des talents et de la créativité locale.</p>



<p>Vous êtes invités à participer à ces exposés de 25 minutes, suivis de questions-réponses et d'une mise en réseau. Des rafraîchissements légers et une boisson gratuite seront offerts à chaque invité.</p>



<p>RSVP en envoyant un courriel à Caitlin Dutt à CDutt@beaverbrookartgallery.org.</p>
