{"id":2434,"date":"2024-01-10T10:39:47","date_gmt":"2024-01-10T15:39:47","guid":{"rendered":"https:\/\/beaverbrookartgallery.org\/?post_type=program-event&#038;p=2434"},"modified":"2024-03-01T08:00:05","modified_gmt":"2024-03-01T13:00:05","slug":"expressions-in-excellence-voices-from-black-artists","status":"publish","type":"program-event","link":"https:\/\/beaverbrookartgallery.org\/fr\/program-event\/expressions-in-excellence-voices-from-black-artists\/","title":{"rendered":"Expressions in Excellence: Voices from Black Artists Speaker Series"},"content":{"rendered":"<p>Join us for the entire month of February for the speaker series <strong>Expressions in Excellence: Voices from Black Artists<\/strong>. This speaker series takes place every Thursday evening at 6:30 in February, and will shine a spotlight on the immense talent and cultural richness of Black artists in our community. This series serves not only as a platform for artistic expression but also as a catalyst for dialogue, understanding, and unity.<\/p>\n\n\n\n<p>The series provides a unique opportunity to amplify the voices of Black artists who have historically been marginalized in the art world. It offers a platform for their stories, experiences, and artistic perspectives to be heard and appreciated. <\/p>\n\n\n\n<p>The series was organized in consultation and with support from DiasporArt Consultancy.<\/p>\n\n\n\n<p class=\"has-text-align-center\"><strong>Speaker Schedule: <\/strong><\/p>\n\n\n\n<p class=\"has-text-align-center\"><strong>February 1, 6:30 PM, Darlene Merinda Strong: RETROSPECTIVE 2024<\/strong><\/p>\n\n\n<div class=\"wp-block-image\">\n<figure class=\"aligncenter size-large is-resized\"><img loading=\"lazy\" decoding=\"async\" width=\"1024\" height=\"768\" src=\"https:\/\/beaverbrookartgallery.org\/wp-content\/uploads\/thumbnail_IMG_1760-1024x768.jpg\" alt=\"\" class=\"wp-image-2444\" style=\"width:411px;height:auto\" srcset=\"https:\/\/beaverbrookartgallery.org\/wp-content\/uploads\/thumbnail_IMG_1760-1024x768.jpg 1024w, https:\/\/beaverbrookartgallery.org\/wp-content\/uploads\/thumbnail_IMG_1760-300x225.jpg 300w, https:\/\/beaverbrookartgallery.org\/wp-content\/uploads\/thumbnail_IMG_1760-768x576.jpg 768w, https:\/\/beaverbrookartgallery.org\/wp-content\/uploads\/thumbnail_IMG_1760-1536x1152.jpg 1536w, https:\/\/beaverbrookartgallery.org\/wp-content\/uploads\/thumbnail_IMG_1760-16x12.jpg 16w, https:\/\/beaverbrookartgallery.org\/wp-content\/uploads\/thumbnail_IMG_1760.jpg 1920w\" sizes=\"auto, (max-width: 1024px) 100vw, 1024px\" \/><\/figure>\n<\/div>\n\n\n<p><strong>Description:<\/strong> Retrospective 2024 offers a look at the life and times of artist Dr. Darlene M Strong PhD and celebrates the lifework and journey of Strong who is an African Nova Scotian ArtSmarts artist, widely respected in the art and cultural circles.&nbsp;Showcasing artwork, prints, promo cards and publications along with ephemera, documents and media coverage, this presentation provides unmistakable insight into her work.<\/p>\n\n\n\n<p><strong>Br\u00e8ve biographie artistique:<\/strong> Strong hails from rural Nova Scotia, born in 1954, during the post war era and a time of cultural, economic, political and social rebuilding.<\/p>\n\n\n\n<p>In 1999 Strong recognized the void of black art in the community and upon accessing windows of opportunity forged ahead and assisted 21 black artisans to integrate into the public forum and advance African Canadian art successfully to this present day. Sharing black history with integrity and commitment propelled art into a global forum.<\/p>\n\n\n\n<p>Inspired or spontaneous; art and the artist are inseparable. The art speaks, evoking critical thought and stimulating meaningful dialogue. Strong\u2019s art has a very distinct voice and the subject matter is sometimes poignant yet engaging; respectfully challenging colonial values and interests while illuminating vibrant African Nova Scotia communities.&nbsp;<\/p>\n\n\n\n<p class=\"has-text-align-center\"><strong>February 8, 6:30 PM, Thandiwe McCarthy: Journey to Still Here<\/strong><\/p>\n\n\n<div class=\"wp-block-image\">\n<figure class=\"aligncenter size-large is-resized\"><img loading=\"lazy\" decoding=\"async\" width=\"791\" height=\"1024\" src=\"https:\/\/beaverbrookartgallery.org\/wp-content\/uploads\/IMG_0033-1-791x1024.jpg\" alt=\"\" class=\"wp-image-2446\" style=\"width:294px;height:auto\" srcset=\"https:\/\/beaverbrookartgallery.org\/wp-content\/uploads\/IMG_0033-1-791x1024.jpg 791w, https:\/\/beaverbrookartgallery.org\/wp-content\/uploads\/IMG_0033-1-232x300.jpg 232w, https:\/\/beaverbrookartgallery.org\/wp-content\/uploads\/IMG_0033-1-768x994.jpg 768w, https:\/\/beaverbrookartgallery.org\/wp-content\/uploads\/IMG_0033-1-9x12.jpg 9w, https:\/\/beaverbrookartgallery.org\/wp-content\/uploads\/IMG_0033-1.jpg 1000w\" sizes=\"auto, (max-width: 791px) 100vw, 791px\" \/><\/figure>\n<\/div>\n\n\n<p><strong>Description:<\/strong> As a spoken word poet my search for the correct words to tell my story and find my definition of Blackness has lead me on the adventure of a life time. This talk will hit some of the highlights of my past years an show how wild a life can get when you start looking for its meaning.<\/p>\n\n\n\n<p><strong>Br\u00e8ve biographie artistique:<\/strong> Thandiwe McCarthy is a passionate and dedicated member of the Black New Brunswick community, recently recognized as one of CBC's 20 Black Changemakers in Atlantic Canada. As a 7th generation African Canadian, Thandiwe combines his passion for social justice with his artistic talents as a writer, spoken word poet, and community advocate. Through his writing and activism, He has published essays in The Maritime EDIT Magazine, Africanthology, and helped republish the history book, \"The Blacks of New Brunswick.\" Thandiwe's work has been recognized and honored by the Premier of New Brunswick for his efforts in advocating for the recognition of August 1st as Emancipation Day. He is the co-founder of the New Brunswick Black Artists Alliance, and organizer for the New Brunswick Emancipation Celebration event. Thandiwe is dedicated to promoting love, respect, and wellness for all, and his memoir, \"Social Oblivion: Raised Black in Canada\" is now available.<\/p>\n\n\n\n<p class=\"has-text-align-center\"><strong>February 15, 6:30 PM, Rotchild Choisy: Artiste en r\u00e9sidence<\/strong><\/p>\n\n\n\n<figure class=\"wp-block-gallery has-nested-images columns-default is-cropped wp-block-gallery-1 is-layout-flex wp-block-gallery-is-layout-flex\"><div class=\"wp-block-image\">\n<figure class=\"aligncenter size-large\"><img loading=\"lazy\" decoding=\"async\" width=\"700\" height=\"466\" data-id=\"2448\" src=\"https:\/\/beaverbrookartgallery.org\/wp-content\/uploads\/thumbnail_Rotchild_credit_AnnieFranceNoel_web-7-1.jpg\" alt=\"\" class=\"wp-image-2448\" srcset=\"https:\/\/beaverbrookartgallery.org\/wp-content\/uploads\/thumbnail_Rotchild_credit_AnnieFranceNoel_web-7-1.jpg 700w, https:\/\/beaverbrookartgallery.org\/wp-content\/uploads\/thumbnail_Rotchild_credit_AnnieFranceNoel_web-7-1-300x200.jpg 300w, https:\/\/beaverbrookartgallery.org\/wp-content\/uploads\/thumbnail_Rotchild_credit_AnnieFranceNoel_web-7-1-18x12.jpg 18w\" sizes=\"auto, (max-width: 700px) 100vw, 700px\" \/><\/figure>\n<\/div><\/figure>\n\n\n\n<p><strong>Description:<\/strong> This presentation discusses my artistic journey from 2016 to 2023 and the various projects I have mounted based on my interests in figuration, gesture, neo-expressionism and automatic techniques; my approach to memory and genre scenes through archival images and image banks. I hope to highlight the themes and conceptual models that run through my work in drawing, painting, printmaking, sculpture and media art.<\/p>\n\n\n\n<p><strong>Br\u00e8ve biographie artistique:<\/strong> Rotchild Choisy is an emerging multidisciplinary artist who holds a Baccalaur\u00e9at en arts visuels (2022) from the Universit\u00e9 de Moncton. Between April and June 2022, he presented his work in a series of solo exhibitions at the Alliance Fran\u00e7aise cultural salon, Galerie d'art Louise-et-Reuben-Cohen and Galerie Sans Nom's Salle Sans Sous, all in Moncton. He has also been awarded several leadership scholarships, as well as the Sheila Hugh Mackay Foundation Merit Scholarship in 2020. He recently presented his work in a solo exhibition at the Capitol Theatre Art Gallery entitled E.S.M.I, in the 7th edition of the Sudbury Alternative Art Fair and in a group installation at Acad\u00e9mie Sainte-Famille as part of Dialogues Riopelle, celebrating the artist's 100th birthday.<\/p>\n\n\n\n<p class=\"has-text-align-center\"><strong>February 22, 6:30 PM, Gary Weekes: From There to Here<\/strong><\/p>\n\n\n<div class=\"wp-block-image\">\n<figure class=\"aligncenter size-large is-resized\"><img loading=\"lazy\" decoding=\"async\" width=\"819\" height=\"1024\" src=\"https:\/\/beaverbrookartgallery.org\/wp-content\/uploads\/G-Weekes-Web-9118-819x1024.jpg\" alt=\"\" class=\"wp-image-2450\" style=\"width:310px;height:auto\"\/><\/figure>\n<\/div>\n\n\n<p><strong>Description: <\/strong>With a photographic life, lived in London UK, New York City USA, and now Fredericton--through this engaging talk--Gary reveals his journey to becoming the first Black New Brunswick artist to have a solo show at the Beaverbrook Art Gallery.<\/p>\n\n\n\n<p>Originating from a Commercial Photography background, Gary\u2019s movement into the world of Fine Art allows the public to witness his unique perspective on his; Fine Art Photography, his stories, influences, and challenges with entertaining dialogue. We\u2019ll even get to see his 2023 ArtsNB Funded Short Documentary Film \u201cPugilist Pride: The Story of Faryad Azizi\u201d as Gary moves into the world of filmmaking.<\/p>\n\n\n\n<p>As one of the \u201cself-taught\u201d; Gary is intensely driven, revealing his steadfast determination to succeed as Fine Art Photographer in a very \u201cpainterly\u201d art world.<\/p>\n\n\n\n<p><strong>Br\u00e8ve biographie artistique:<\/strong> Gary Weekes\u2019 Fine Art Photography Exhibitions celebrate his Black identity in Canada, his upbringing in the UK, the ten years spent in the USA and his constantly changing role as a father to three amazing young women. He stands proudly as a creative individual who does not follow the stereotypical boundaries placed on Black artists. His art reflects himself; his likes, dislikes, loves, hates, and his ability (or inability) to initiate dialogue. In 2022, Gary became the first Black NB Artist to have a solo show at the Beaverbrook Art Gallery, subsequently having one of his works purchased, becoming part of their Permanent Collection. In 2023 Gary received The CBC Black Changemaker Award for his community work. Gary is now moving into Short Documentary Filmmaking with Cinematography\/Directorial Credits added to his increasing list of accomplishments. Gary is represented by Gallery on Queen.<\/p>\n\n\n\n<p class=\"has-text-align-center\"><strong>February 29, 6:30 PM, Aleya Michaud: Permission to Play<\/strong><\/p>\n\n\n<div class=\"wp-block-image\">\n<figure class=\"aligncenter size-large is-resized\"><img loading=\"lazy\" decoding=\"async\" width=\"662\" height=\"1024\" src=\"https:\/\/beaverbrookartgallery.org\/wp-content\/uploads\/processed-B6749422-B4D9-4D34-8EEF-9BDA7C676409-C76E7B45-D100-474D-9013-18E2703D73A2-662x1024.jpeg\" alt=\"\" class=\"wp-image-2500\" style=\"width:278px;height:auto\" srcset=\"https:\/\/beaverbrookartgallery.org\/wp-content\/uploads\/processed-B6749422-B4D9-4D34-8EEF-9BDA7C676409-C76E7B45-D100-474D-9013-18E2703D73A2-662x1024.jpeg 662w, https:\/\/beaverbrookartgallery.org\/wp-content\/uploads\/processed-B6749422-B4D9-4D34-8EEF-9BDA7C676409-C76E7B45-D100-474D-9013-18E2703D73A2-194x300.jpeg 194w, https:\/\/beaverbrookartgallery.org\/wp-content\/uploads\/processed-B6749422-B4D9-4D34-8EEF-9BDA7C676409-C76E7B45-D100-474D-9013-18E2703D73A2-768x1187.jpeg 768w, https:\/\/beaverbrookartgallery.org\/wp-content\/uploads\/processed-B6749422-B4D9-4D34-8EEF-9BDA7C676409-C76E7B45-D100-474D-9013-18E2703D73A2-8x12.jpeg 8w, https:\/\/beaverbrookartgallery.org\/wp-content\/uploads\/processed-B6749422-B4D9-4D34-8EEF-9BDA7C676409-C76E7B45-D100-474D-9013-18E2703D73A2.jpeg 993w\" sizes=\"auto, (max-width: 662px) 100vw, 662px\" \/><\/figure>\n<\/div>\n\n\n<p><strong>Description:<\/strong> Join Aleya Michaud as she discusses the foundational aspect of her creative practice, centered around the concept of play.&nbsp; She emphasizes the impact of playfulness and how it has shaped her approach of accepting her pieces as they unfold, trusting the guidance of her hands and the unpredictable journey they may lead. By embracing this concept in creativity, it encourages this outlook beyond the canvas and into everyday life.<\/p>\n\n\n\n<p><strong>Br\u00e8ve biographie artistique:<\/strong> Aleya Michaud, a Black Acadian artist from New Brunswick, embraces the essence of creative process over finality in her art. Her process involves intuitive, childlike mark-making using diverse mediums such as traditional Chinese ink, acrylic paint, and oil sticks. Each piece evolves from simple marks into intricate depth, influenced by music, emotions, and surroundings. Dedicated to painting in her Riverview home studio, she's an active member of the New Brunswick Black Artist Alliance, showcasing solo works at Galerie Sans Nom and Tidnish Bridge Art Gallery, while contributing to group exhibitions at the Gallery on Queen. Her unique approach has gained recognition in various publications.<\/p>\n\n\n\n<div class=\"tb-button\" data-toolset-blocks-button=\"faa6a9307948cfaf6c1935fd870fdfb8\"><a class=\"tb-button__link\" href=\"https:\/\/beaverbrookartgallery.ticketing.veevartapp.com\/tickets\/view\/list\/aleya-michaud-expressions-in-excellence-voices-from-black-artists\" target=\"_blank\" rel=\"noopener\"><i class=\"tb-button__icon\"><\/i><span class=\"tb-button__content\">Enregistrer<\/span><\/a><\/div>\n\n\n\n<p class=\"has-text-align-center\">Si vous avez des probl\u00e8mes de r\u00e9servation, veuillez nous contacter pendant les heures d'ouverture du mus\u00e9e.<\/p>\n\n\n\n<p class=\"has-text-align-center\">506-458-2028.<\/p>","protected":false},"featured_media":2502,"template":"","pe-category":[],"class_list":["post-2434","program-event","type-program-event","status-publish","has-post-thumbnail","hentry"],"_links":{"self":[{"href":"https:\/\/beaverbrookartgallery.org\/fr\/wp-json\/wp\/v2\/program-event\/2434","targetHints":{"allow":["GET"]}}],"collection":[{"href":"https:\/\/beaverbrookartgallery.org\/fr\/wp-json\/wp\/v2\/program-event"}],"about":[{"href":"https:\/\/beaverbrookartgallery.org\/fr\/wp-json\/wp\/v2\/types\/program-event"}],"version-history":[{"count":5,"href":"https:\/\/beaverbrookartgallery.org\/fr\/wp-json\/wp\/v2\/program-event\/2434\/revisions"}],"predecessor-version":[{"id":2630,"href":"https:\/\/beaverbrookartgallery.org\/fr\/wp-json\/wp\/v2\/program-event\/2434\/revisions\/2630"}],"wp:featuredmedia":[{"embeddable":true,"href":"https:\/\/beaverbrookartgallery.org\/fr\/wp-json\/wp\/v2\/media\/2502"}],"wp:attachment":[{"href":"https:\/\/beaverbrookartgallery.org\/fr\/wp-json\/wp\/v2\/media?parent=2434"}],"wp:term":[{"taxonomy":"pe-category","embeddable":true,"href":"https:\/\/beaverbrookartgallery.org\/fr\/wp-json\/wp\/v2\/pe-category?post=2434"}],"curies":[{"name":"wp","href":"https:\/\/api.w.org\/{rel}","templated":true}]}}

<p>Join us for the entire month of February for the speaker series <strong>Expressions in Excellence: Voices from Black Artists</strong>. This speaker series takes place every Thursday evening at 6:30 in February, and will shine a spotlight on the immense talent and cultural richness of Black artists in our community. This series serves not only as a platform for artistic expression but also as a catalyst for dialogue, understanding, and unity.</p>



<p>The series provides a unique opportunity to amplify the voices of Black artists who have historically been marginalized in the art world. It offers a platform for their stories, experiences, and artistic perspectives to be heard and appreciated. </p>



<p>The series was organized in consultation and with support from DiasporArt Consultancy.</p>



<p class="has-text-align-center"><strong>Speaker Schedule: </strong></p>



<p class="has-text-align-center"><strong>February 1, 6:30 PM, Darlene Merinda Strong: RETROSPECTIVE 2024</strong></p>


<div class="wp-block-image">
<figure class="aligncenter size-large is-resized"><img loading="lazy" decoding="async" width="1024" height="768" src="https://beaverbrookartgallery.org/wp-content/uploads/thumbnail_IMG_1760-1024x768.jpg" alt="" class="wp-image-2444" style="width:411px;height:auto" srcset="https://beaverbrookartgallery.org/wp-content/uploads/thumbnail_IMG_1760-1024x768.jpg 1024w, https://beaverbrookartgallery.org/wp-content/uploads/thumbnail_IMG_1760-300x225.jpg 300w, https://beaverbrookartgallery.org/wp-content/uploads/thumbnail_IMG_1760-768x576.jpg 768w, https://beaverbrookartgallery.org/wp-content/uploads/thumbnail_IMG_1760-1536x1152.jpg 1536w, https://beaverbrookartgallery.org/wp-content/uploads/thumbnail_IMG_1760-16x12.jpg 16w, https://beaverbrookartgallery.org/wp-content/uploads/thumbnail_IMG_1760.jpg 1920w" sizes="auto, (max-width: 1024px) 100vw, 1024px" /></figure>
</div>


<p><strong>Description:</strong> Retrospective 2024 offers a look at the life and times of artist Dr. Darlene M Strong PhD and celebrates the lifework and journey of Strong who is an African Nova Scotian ArtSmarts artist, widely respected in the art and cultural circles.&nbsp;Showcasing artwork, prints, promo cards and publications along with ephemera, documents and media coverage, this presentation provides unmistakable insight into her work.</p>



<p><strong>Brève biographie artistique:</strong> Strong hails from rural Nova Scotia, born in 1954, during the post war era and a time of cultural, economic, political and social rebuilding.</p>



<p>In 1999 Strong recognized the void of black art in the community and upon accessing windows of opportunity forged ahead and assisted 21 black artisans to integrate into the public forum and advance African Canadian art successfully to this present day. Sharing black history with integrity and commitment propelled art into a global forum.</p>



<p>Inspired or spontaneous; art and the artist are inseparable. The art speaks, evoking critical thought and stimulating meaningful dialogue. Strong’s art has a very distinct voice and the subject matter is sometimes poignant yet engaging; respectfully challenging colonial values and interests while illuminating vibrant African Nova Scotia communities.&nbsp;</p>



<p class="has-text-align-center"><strong>February 8, 6:30 PM, Thandiwe McCarthy: Journey to Still Here</strong></p>


<div class="wp-block-image">
<figure class="aligncenter size-large is-resized"><img loading="lazy" decoding="async" width="791" height="1024" src="https://beaverbrookartgallery.org/wp-content/uploads/IMG_0033-1-791x1024.jpg" alt="" class="wp-image-2446" style="width:294px;height:auto" srcset="https://beaverbrookartgallery.org/wp-content/uploads/IMG_0033-1-791x1024.jpg 791w, https://beaverbrookartgallery.org/wp-content/uploads/IMG_0033-1-232x300.jpg 232w, https://beaverbrookartgallery.org/wp-content/uploads/IMG_0033-1-768x994.jpg 768w, https://beaverbrookartgallery.org/wp-content/uploads/IMG_0033-1-9x12.jpg 9w, https://beaverbrookartgallery.org/wp-content/uploads/IMG_0033-1.jpg 1000w" sizes="auto, (max-width: 791px) 100vw, 791px" /></figure>
</div>


<p><strong>Description:</strong> As a spoken word poet my search for the correct words to tell my story and find my definition of Blackness has lead me on the adventure of a life time. This talk will hit some of the highlights of my past years an show how wild a life can get when you start looking for its meaning.</p>



<p><strong>Brève biographie artistique:</strong> Thandiwe McCarthy is a passionate and dedicated member of the Black New Brunswick community, recently recognized as one of CBC's 20 Black Changemakers in Atlantic Canada. As a 7th generation African Canadian, Thandiwe combines his passion for social justice with his artistic talents as a writer, spoken word poet, and community advocate. Through his writing and activism, He has published essays in The Maritime EDIT Magazine, Africanthology, and helped republish the history book, "The Blacks of New Brunswick." Thandiwe's work has been recognized and honored by the Premier of New Brunswick for his efforts in advocating for the recognition of August 1st as Emancipation Day. He is the co-founder of the New Brunswick Black Artists Alliance, and organizer for the New Brunswick Emancipation Celebration event. Thandiwe is dedicated to promoting love, respect, and wellness for all, and his memoir, "Social Oblivion: Raised Black in Canada" is now available.</p>



<p class="has-text-align-center"><strong>February 15, 6:30 PM, Rotchild Choisy: Artiste en résidence</strong></p>



<figure class="wp-block-gallery has-nested-images columns-default is-cropped wp-block-gallery-1 is-layout-flex wp-block-gallery-is-layout-flex"><div class="wp-block-image">
<figure class="aligncenter size-large"><img loading="lazy" decoding="async" width="700" height="466" data-id="2448" src="https://beaverbrookartgallery.org/wp-content/uploads/thumbnail_Rotchild_credit_AnnieFranceNoel_web-7-1.jpg" alt="" class="wp-image-2448" srcset="https://beaverbrookartgallery.org/wp-content/uploads/thumbnail_Rotchild_credit_AnnieFranceNoel_web-7-1.jpg 700w, https://beaverbrookartgallery.org/wp-content/uploads/thumbnail_Rotchild_credit_AnnieFranceNoel_web-7-1-300x200.jpg 300w, https://beaverbrookartgallery.org/wp-content/uploads/thumbnail_Rotchild_credit_AnnieFranceNoel_web-7-1-18x12.jpg 18w" sizes="auto, (max-width: 700px) 100vw, 700px" /></figure>
</div></figure>



<p><strong>Description:</strong> This presentation discusses my artistic journey from 2016 to 2023 and the various projects I have mounted based on my interests in figuration, gesture, neo-expressionism and automatic techniques; my approach to memory and genre scenes through archival images and image banks. I hope to highlight the themes and conceptual models that run through my work in drawing, painting, printmaking, sculpture and media art.</p>



<p><strong>Brève biographie artistique:</strong> Rotchild Choisy is an emerging multidisciplinary artist who holds a Baccalauréat en arts visuels (2022) from the Université de Moncton. Between April and June 2022, he presented his work in a series of solo exhibitions at the Alliance Française cultural salon, Galerie d'art Louise-et-Reuben-Cohen and Galerie Sans Nom's Salle Sans Sous, all in Moncton. He has also been awarded several leadership scholarships, as well as the Sheila Hugh Mackay Foundation Merit Scholarship in 2020. He recently presented his work in a solo exhibition at the Capitol Theatre Art Gallery entitled E.S.M.I, in the 7th edition of the Sudbury Alternative Art Fair and in a group installation at Académie Sainte-Famille as part of Dialogues Riopelle, celebrating the artist's 100th birthday.</p>



<p class="has-text-align-center"><strong>February 22, 6:30 PM, Gary Weekes: From There to Here</strong></p>


<div class="wp-block-image">
<figure class="aligncenter size-large is-resized"><img loading="lazy" decoding="async" width="819" height="1024" src="https://beaverbrookartgallery.org/wp-content/uploads/G-Weekes-Web-9118-819x1024.jpg" alt="" class="wp-image-2450" style="width:310px;height:auto"/></figure>
</div>


<p><strong>Description: </strong>With a photographic life, lived in London UK, New York City USA, and now Fredericton--through this engaging talk--Gary reveals his journey to becoming the first Black New Brunswick artist to have a solo show at the Beaverbrook Art Gallery.</p>



<p>Originating from a Commercial Photography background, Gary’s movement into the world of Fine Art allows the public to witness his unique perspective on his; Fine Art Photography, his stories, influences, and challenges with entertaining dialogue. We’ll even get to see his 2023 ArtsNB Funded Short Documentary Film “Pugilist Pride: The Story of Faryad Azizi” as Gary moves into the world of filmmaking.</p>



<p>As one of the “self-taught”; Gary is intensely driven, revealing his steadfast determination to succeed as Fine Art Photographer in a very “painterly” art world.</p>



<p><strong>Brève biographie artistique:</strong> Gary Weekes’ Fine Art Photography Exhibitions celebrate his Black identity in Canada, his upbringing in the UK, the ten years spent in the USA and his constantly changing role as a father to three amazing young women. He stands proudly as a creative individual who does not follow the stereotypical boundaries placed on Black artists. His art reflects himself; his likes, dislikes, loves, hates, and his ability (or inability) to initiate dialogue. In 2022, Gary became the first Black NB Artist to have a solo show at the Beaverbrook Art Gallery, subsequently having one of his works purchased, becoming part of their Permanent Collection. In 2023 Gary received The CBC Black Changemaker Award for his community work. Gary is now moving into Short Documentary Filmmaking with Cinematography/Directorial Credits added to his increasing list of accomplishments. Gary is represented by Gallery on Queen.</p>



<p class="has-text-align-center"><strong>February 29, 6:30 PM, Aleya Michaud: Permission to Play</strong></p>


<div class="wp-block-image">
<figure class="aligncenter size-large is-resized"><img loading="lazy" decoding="async" width="662" height="1024" src="https://beaverbrookartgallery.org/wp-content/uploads/processed-B6749422-B4D9-4D34-8EEF-9BDA7C676409-C76E7B45-D100-474D-9013-18E2703D73A2-662x1024.jpeg" alt="" class="wp-image-2500" style="width:278px;height:auto" srcset="https://beaverbrookartgallery.org/wp-content/uploads/processed-B6749422-B4D9-4D34-8EEF-9BDA7C676409-C76E7B45-D100-474D-9013-18E2703D73A2-662x1024.jpeg 662w, https://beaverbrookartgallery.org/wp-content/uploads/processed-B6749422-B4D9-4D34-8EEF-9BDA7C676409-C76E7B45-D100-474D-9013-18E2703D73A2-194x300.jpeg 194w, https://beaverbrookartgallery.org/wp-content/uploads/processed-B6749422-B4D9-4D34-8EEF-9BDA7C676409-C76E7B45-D100-474D-9013-18E2703D73A2-768x1187.jpeg 768w, https://beaverbrookartgallery.org/wp-content/uploads/processed-B6749422-B4D9-4D34-8EEF-9BDA7C676409-C76E7B45-D100-474D-9013-18E2703D73A2-8x12.jpeg 8w, https://beaverbrookartgallery.org/wp-content/uploads/processed-B6749422-B4D9-4D34-8EEF-9BDA7C676409-C76E7B45-D100-474D-9013-18E2703D73A2.jpeg 993w" sizes="auto, (max-width: 662px) 100vw, 662px" /></figure>
</div>


<p><strong>Description:</strong> Join Aleya Michaud as she discusses the foundational aspect of her creative practice, centered around the concept of play.&nbsp; She emphasizes the impact of playfulness and how it has shaped her approach of accepting her pieces as they unfold, trusting the guidance of her hands and the unpredictable journey they may lead. By embracing this concept in creativity, it encourages this outlook beyond the canvas and into everyday life.</p>



<p><strong>Brève biographie artistique:</strong> Aleya Michaud, a Black Acadian artist from New Brunswick, embraces the essence of creative process over finality in her art. Her process involves intuitive, childlike mark-making using diverse mediums such as traditional Chinese ink, acrylic paint, and oil sticks. Each piece evolves from simple marks into intricate depth, influenced by music, emotions, and surroundings. Dedicated to painting in her Riverview home studio, she's an active member of the New Brunswick Black Artist Alliance, showcasing solo works at Galerie Sans Nom and Tidnish Bridge Art Gallery, while contributing to group exhibitions at the Gallery on Queen. Her unique approach has gained recognition in various publications.</p>



<div class="tb-button" data-toolset-blocks-button="faa6a9307948cfaf6c1935fd870fdfb8"><a class="tb-button__link" href="https://beaverbrookartgallery.ticketing.veevartapp.com/tickets/view/list/aleya-michaud-expressions-in-excellence-voices-from-black-artists" target="_blank" rel="noopener"><i class="tb-button__icon"></i><span class="tb-button__content">Enregistrer</span></a></div>



<p class="has-text-align-center">Si vous avez des problèmes de réservation, veuillez nous contacter pendant les heures d'ouverture du musée.</p>



<p class="has-text-align-center">506-458-2028.</p>
