{"id":2415,"date":"2024-01-08T15:16:40","date_gmt":"2024-01-08T20:16:40","guid":{"rendered":"https:\/\/beaverbrookartgallery.org\/?post_type=program-event&#038;p=2415"},"modified":"2024-01-19T15:15:07","modified_gmt":"2024-01-19T20:15:07","slug":"celebration-of-new-exhibitions-3","status":"publish","type":"program-event","link":"https:\/\/beaverbrookartgallery.org\/fr\/program-event\/celebration-of-new-exhibitions-3\/","title":{"rendered":"Ouverture de nouvelles expositions\u00a0"},"content":{"rendered":"<p>Rejoignez-nous au Beaverbrook pour la c\u00e9l\u00e9bration des nouvelles expositions le samedi 20 janvier, de 16 \u00e0 18 heures. Cet \u00e9v\u00e9nement c\u00e9l\u00e9brera l'ouverture de sept nouvelles expositions, <em>Graeme Patterson: D\u2019\u00e9tranges oiseaux<\/em>, <em>En chantier: nouvelles sculptures canadiennes<\/em>, <em>La vie et l\u2019h\u00e9ritage de Kenojuak Ashevak<\/em>, <em>Greg Charlton : Grenier<\/em>, <em>Ian MacEachern : Le noir et le blanc, c\u2019est comme la radio<\/em>, <em>Dessins d\u2019artistes en sculpture<\/em> et sur <em>V\u00eatements d\u2019art sign\u00e9s Joseph Kashetsky : 50 ans plus tard<\/em><\/p>\n\n\n\n<p>Cet \u00e9v\u00e9nement est ouvert \u00e0 toutes et tous!<\/p>\n\n\n\n<ul class=\"wp-block-list\">\n<li> Discours de William Huffman pour l'exposition <em>La vie et l\u2019h\u00e9ritage de Kenojuak Ashevak<\/em>avant l'ouverture, de 15h \u00e0 16h <\/li>\n\n\n\n<li>Accompagnement de musique classique<\/li>\n\n\n\n<li>Entr\u00e9e discr\u00e9tionnaire<\/li>\n<\/ul>","protected":false},"featured_media":2418,"template":"","pe-category":[],"class_list":["post-2415","program-event","type-program-event","status-publish","has-post-thumbnail","hentry"],"_links":{"self":[{"href":"https:\/\/beaverbrookartgallery.org\/fr\/wp-json\/wp\/v2\/program-event\/2415","targetHints":{"allow":["GET"]}}],"collection":[{"href":"https:\/\/beaverbrookartgallery.org\/fr\/wp-json\/wp\/v2\/program-event"}],"about":[{"href":"https:\/\/beaverbrookartgallery.org\/fr\/wp-json\/wp\/v2\/types\/program-event"}],"version-history":[{"count":1,"href":"https:\/\/beaverbrookartgallery.org\/fr\/wp-json\/wp\/v2\/program-event\/2415\/revisions"}],"predecessor-version":[{"id":2424,"href":"https:\/\/beaverbrookartgallery.org\/fr\/wp-json\/wp\/v2\/program-event\/2415\/revisions\/2424"}],"wp:featuredmedia":[{"embeddable":true,"href":"https:\/\/beaverbrookartgallery.org\/fr\/wp-json\/wp\/v2\/media\/2418"}],"wp:attachment":[{"href":"https:\/\/beaverbrookartgallery.org\/fr\/wp-json\/wp\/v2\/media?parent=2415"}],"wp:term":[{"taxonomy":"pe-category","embeddable":true,"href":"https:\/\/beaverbrookartgallery.org\/fr\/wp-json\/wp\/v2\/pe-category?post=2415"}],"curies":[{"name":"wp","href":"https:\/\/api.w.org\/{rel}","templated":true}]}}

<p>Rejoignez-nous au Beaverbrook pour la célébration des nouvelles expositions le samedi 20 janvier, de 16 à 18 heures. Cet événement célébrera l'ouverture de sept nouvelles expositions, <em>Graeme Patterson: D’étranges oiseaux</em>, <em>En chantier: nouvelles sculptures canadiennes</em>, <em>La vie et l’héritage de Kenojuak Ashevak</em>, <em>Greg Charlton : Grenier</em>, <em>Ian MacEachern : Le noir et le blanc, c’est comme la radio</em>, <em>Dessins d’artistes en sculpture</em> et sur <em>Vêtements d’art signés Joseph Kashetsky : 50 ans plus tard</em></p>



<p>Cet événement est ouvert à toutes et tous!</p>



<ul class="wp-block-list">
<li> Discours de William Huffman pour l'exposition <em>La vie et l’héritage de Kenojuak Ashevak</em>avant l'ouverture, de 15h à 16h </li>



<li>Accompagnement de musique classique</li>



<li>Entrée discrétionnaire</li>
</ul>
