{"id":3070,"date":"2024-06-24T14:53:30","date_gmt":"2024-06-24T18:53:30","guid":{"rendered":"https:\/\/beaverbrookartgallery.org\/?post_type=exhibition&#038;p=3070"},"modified":"2025-03-04T12:40:59","modified_gmt":"2025-03-04T17:40:59","slug":"radical-stitch","status":"publish","type":"exhibition","link":"https:\/\/beaverbrookartgallery.org\/fr\/exhibition\/radical-stitch\/","title":{"rendered":"Perler, radicalement"},"content":{"rendered":"<div class=\"tb-button\" data-toolset-blocks-button=\"ac19125532f6eab9182d66e787dd218a\"><a class=\"tb-button__link\" href=\"https:\/\/beaverbrookartgallery.ticketing.veevartapp.com\/tickets\/view\/calendar\"><i class=\"tb-button__icon\"><\/i><span class=\"tb-button__content\">Billets d'entr\u00e9e<\/span><\/a><\/div>\n\n\n\n<p>Le perlage est l\u2019une des plus importantes formes d\u2019art contemporain autochtone sur notre continent. Cette exposition phare apporte un \u00e9clairage critique n\u00e9cessaire \u00e0 cette pratique aussi remarquable que vari\u00e9e.<em><\/em><\/p>\n\n\n\n<p>Depuis tr\u00e8s longtemps, les artistes autochtones emploient les perles \u2013 des graines, coquillages et perles commerciales jusqu\u2019aux pixels informatiques \u2013 pour raconter des histoires, honorer leurs proches et c\u00e9l\u00e9brer la beaut\u00e9. \u00c9pousant les techniques et le savoir transmis par les g\u00e9n\u00e9rations qui les pr\u00e9c\u00e8dent, les artistes autochtones d\u2019aujourd\u2019hui emploient le perlage pour aborder des enjeux et des concepts li\u00e9s \u00e0 l\u2019histoire, \u00e0 la d\u00e9colonisation et \u00e0 la r\u00e9sistance.<\/p>\n\n\n\n<p>De l\u2019art vestimentaire au portrait, en passant par l\u2019installation et la vid\u00e9o, les \u0153uvres <em>Perler, radicalement<\/em> relient le pass\u00e9 au pr\u00e9sent tout en imaginant des mondes futurs. Empreinte d\u2019humour, ponctu\u00e9e de t\u00e9moignages \u00e9mouvants et travers\u00e9e par une critique sociale et politique, cette exposition audacieuse explore les perspectives contemporaines du perlage et son action transformatrice \u00e0 travers les \u0153uvres novatrices des artistes et la beaut\u00e9 tactile du m\u00e9dium.&nbsp;<\/p>\n\n\n\n<p><em>Cette exposition est organis\u00e9e et mise en circulation par le\u202f&nbsp;<a href=\"http:\/\/mackenzie.art\/\" target=\"_blank\" rel=\"noreferrer noopener\">Mus\u00e9e d\u2019art\u202fMacKenzie<\/a>Le MacKenzie\u202fre\u00e7oit un appui r\u00e9gulier de la part de la South\u202fSaskatchewan Community Foundation, du Conseil des arts du Canada, de SaskCulture, de la Ville de Regina, de l\u2019Universit\u00e9 de Regina et du Conseil des arts de la Saskatchewan. La tourn\u00e9e de l\u2019exposition re\u00e7oit le soutien du Conseil des arts du Canada.&nbsp;<\/em><\/p>\n\n\n\n<p>Commissaire d'exposition : Sherry Farrell Racette, Michelle LaVallee et Cathy Mattes.<\/p>","protected":false},"excerpt":{"rendered":"<p>Beading is one of the defining mediums of contemporary Indigenous art on this continent, and this landmark exhibition brings much-needed critical attention to the breadth and impact of this practice. From early beads made of seeds and shells, to trade beads and computer pixels, Indigenous artists have long used beadwork to tell stories, honour loved [&hellip;]<\/p>\n","protected":false},"featured_media":3076,"menu_order":0,"template":"","eh-category":[],"class_list":["post-3070","exhibition","type-exhibition","status-publish","has-post-thumbnail","hentry"],"_links":{"self":[{"href":"https:\/\/beaverbrookartgallery.org\/fr\/wp-json\/wp\/v2\/exhibition\/3070","targetHints":{"allow":["GET"]}}],"collection":[{"href":"https:\/\/beaverbrookartgallery.org\/fr\/wp-json\/wp\/v2\/exhibition"}],"about":[{"href":"https:\/\/beaverbrookartgallery.org\/fr\/wp-json\/wp\/v2\/types\/exhibition"}],"version-history":[{"count":2,"href":"https:\/\/beaverbrookartgallery.org\/fr\/wp-json\/wp\/v2\/exhibition\/3070\/revisions"}],"predecessor-version":[{"id":3774,"href":"https:\/\/beaverbrookartgallery.org\/fr\/wp-json\/wp\/v2\/exhibition\/3070\/revisions\/3774"}],"wp:featuredmedia":[{"embeddable":true,"href":"https:\/\/beaverbrookartgallery.org\/fr\/wp-json\/wp\/v2\/media\/3076"}],"wp:attachment":[{"href":"https:\/\/beaverbrookartgallery.org\/fr\/wp-json\/wp\/v2\/media?parent=3070"}],"wp:term":[{"taxonomy":"eh-category","embeddable":true,"href":"https:\/\/beaverbrookartgallery.org\/fr\/wp-json\/wp\/v2\/eh-category?post=3070"}],"curies":[{"name":"wp","href":"https:\/\/api.w.org\/{rel}","templated":true}]}}

<div class="tb-button" data-toolset-blocks-button="ac19125532f6eab9182d66e787dd218a"><a class="tb-button__link" href="https://beaverbrookartgallery.ticketing.veevartapp.com/tickets/view/calendar"><i class="tb-button__icon"></i><span class="tb-button__content">Billets d'entrée</span></a></div>



<p>Le perlage est l’une des plus importantes formes d’art contemporain autochtone sur notre continent. Cette exposition phare apporte un éclairage critique nécessaire à cette pratique aussi remarquable que variée.<em></em></p>



<p>Depuis très longtemps, les artistes autochtones emploient les perles – des graines, coquillages et perles commerciales jusqu’aux pixels informatiques – pour raconter des histoires, honorer leurs proches et célébrer la beauté. Épousant les techniques et le savoir transmis par les générations qui les précèdent, les artistes autochtones d’aujourd’hui emploient le perlage pour aborder des enjeux et des concepts liés à l’histoire, à la décolonisation et à la résistance.</p>



<p>De l’art vestimentaire au portrait, en passant par l’installation et la vidéo, les œuvres <em>Perler, radicalement</em> relient le passé au présent tout en imaginant des mondes futurs. Empreinte d’humour, ponctuée de témoignages émouvants et traversée par une critique sociale et politique, cette exposition audacieuse explore les perspectives contemporaines du perlage et son action transformatrice à travers les œuvres novatrices des artistes et la beauté tactile du médium.&nbsp;</p>



<p><em>Cette exposition est organisée et mise en circulation par le &nbsp;<a href="http://mackenzie.art/" target="_blank" rel="noreferrer noopener">Musée d’art MacKenzie</a>Le MacKenzie reçoit un appui régulier de la part de la South Saskatchewan Community Foundation, du Conseil des arts du Canada, de SaskCulture, de la Ville de Regina, de l’Université de Regina et du Conseil des arts de la Saskatchewan. La tournée de l’exposition reçoit le soutien du Conseil des arts du Canada.&nbsp;</em></p>



<p>Commissaire d'exposition : Sherry Farrell Racette, Michelle LaVallee et Cathy Mattes.</p>
